51?
1
What is the tens digit of 20771?
7
What is the tens digit of 33130?
3
What is the ten thousands digit of 12605?
1
What is the hundreds digit of 6017?
0
What is the thousands digit of 50521?
0
What is the units digit of 12701?
1
What is the tens digit of 13460?
6
What is the hundreds digit of 475?
4
What is the tens digit of 8051?
5
What is the tens digit of 117?
1
What is the tens digit of 371?
7
What is the units digit of 1319?
9
What is the tens digit of 3313?
1
What is the hundreds digit of 80889?
8
What is the hundreds digit of 87207?
2
What is the hundreds digit of 3273?
2
What is the hundreds digit of 43094?
0
What is the tens digit of 3322?
2
What is the hundreds digit of 81572?
5
What is the tens digit of 7345?
4
What is the hundreds digit of 2313?
3
What is the tens digit of 9841?
4
What is the units digit of 69801?
1
What is the tens digit of 680?
8
What is the thousands digit of 16942?
6
What is the thousands digit of 2202?
2
What is the hundreds digit of 14491?
4
What is the units digit of 10204?
4
What is the thousands digit of 2291?
2
What is the tens digit of 7545?
4
What is the ten thousands digit of 167456?
6
What is the units digit of 3130?
0
What is the tens digit of 46795?
9
What is the tens digit of 141?
4
What is the tens digit of 32411?
1
What is the hundreds digit of 12597?
5
What is the units digit of 83894?
4
What is the hundreds digit of 140435?
4
What is the tens digit of 5390?
9
What is the thousands digit of 8021?
8
What is the hundreds digit of 3089?
0
What is the thousands digit of 1975?
1
What is the hundreds digit of 139930?
9
What is the units digit of 1696?
6
What is the hundreds digit of 28477?
4
What is the units digit of 2992?
2
What is the hundreds digit of 43306?
3
What is the units digit of 1579?
9
What is the units digit of 5745?
5
What is the hundreds digit of 7538?
5
What is the thousands digit of 3367?
3
What is the tens digit of 1749?
4
What is the ten thousands digit of 35884?
3
What is the thousands digit of 138685?
8
What is the hundreds digit of 27698?
6
What is the units digit of 2361?
1
What is the tens digit of 6524?
2
What is the units digit of 2235?
5
What is the tens digit of 85?
8
What is the tens digit of 2493?
9
What is the thousands digit of 12283?
2
What is the hundreds digit of 3186?
1
What is the hundreds digit of 52916?
9
What is the tens digit of 76985?
8
What is the units digit of 3445?
5
What is the ten thousands digit of 25337?
2
What is the units digit of 3?
3
What is the ten thousands digit of 15328?
1
What is the units digit of 68?
8
What is the units digit of 71130?
0
What is the thousands digit of 4180?
4
What is the hundreds digit of 3880?
8
What is the thousands digit of 99345?
9
What is the tens digit of 5059?
5
What is the units digit of 96684?
4
What is the hundred thousands digit of 171708?
1
What is the tens digit of 434?
3
What is the thousands digit of 2837?
2
What is the units digit of 9080?
0
What is the ten thousands digit of 14808?
1
What is the hundreds digit of 9831?
8
What is the hundreds digit of 71822?
8
What is the tens digit of 2061?
6
What is the tens digit of 996?
9
What is the hundreds digit of 545?
5
What is the hundreds digit of 1324?
3
What is the hundreds digit of 83520?
5
What is the hundreds digit of 1551?
5
What is the hundreds digit of 6507?
5
What is the tens digit of 2562?
6
What is the thousands digit of 21501?
1
What is the units digit of 29996?
6
What is the units digit of 856?
6
What is the tens digit of 18689?
8
What is the hundreds digit of 22752?
7
What is the tens digit of 1547?
4
What is the hundreds digit of 10238?
2
What is the ten thousands digit of 66709?
6
What is the units digit of 2647?
7
What is the units digit of 6811?
1
What is the ten thousands digit of 60384?
6
What is the units digit of 516?
6
What is the units digit of 4197?
7
What is the ten thousands digit of 55660?
5
What is the hundreds digit of 1869?
8
What is the units digit of 1854?
4
What is the units digit of 1003?
3
What is the thousands digit of 94324?
4
What is the units digit of 990?
0
What is the thousands digit of 1519?
1
What is the hundreds digit of 495?
4
What is the thousands digit of 1247?
1
What is the thousands digit of 9304?
9
What is the hundreds digit of 1591?
5
What is the tens digit of 46561?
6
What is the units digit of 11037?
7
What is the units digit of 10987?
7
What is the ten thousands digit of 39885?
3
What is the units digit of 162?
2
What is the units digit of 59365?
5
What is the tens digit of 2796?
9
What is the tens digit of 9340?
4
What is the tens digit of 887?
8
What is the thousands digit of 1141?
1
What is the thousands digit of 23870?
3
What is the hundreds digit of 18127?
1
What is the units digit of 5789?
9
What is the tens digit of 3019?
1
What is the tens digit of 10?
1
What is the tens digit of 26756?
5
What is the units digit of 1323?
3
What is the units digit of 4289?
9
What is the hundreds digit of 114630?
6
What is the hundreds digit of 9962?
9
What is the units digit of 432?
2
What is the hundreds digit of 134?
1
What is the units digit of 31259?
9
What is the tens digit of 2260?
6
What is the thousands digit of 13909?
3
What is the hundreds digit of 40512?
5
What is the thousands digit of 2532?
2
What is the hundreds digit of 1612?
6
What is the hundreds digit of 5697?
6
What is the units digit of 4303?
3
What is the tens digit of 732?
3
What is the tens digit of 176?
7
What is the units digit of 2254?
4
What is the ten thousands digit of 12212?
1
What is the units digit of 31348?
8
What is the units digit of 6114?
4
What is the units digit of 48496?
6
What is the hundreds digit of 10784?
7
What is the hundreds digit of 31658?
6
What is the tens digit of 158896?
9
What is the hundreds digit of 5737?
7
What is the hundreds digit of 10323?
3
What is the units digit of 936?
6
What is the tens digit of 2632?
3
What is the tens digit of 69724?
2
What is the hundreds digit of 11849?
8
What is the hundreds digit of 6028?
0
What is the tens digit of 7524?
2
What is the hundreds digit of 43858?
8
What is the ten thousands digit of 20816?
2
What is the ten thousands digit of 26588?
2
What is the thousands digit of 43203?
3
What is the units digit of 2008?
8
What is the units digit of 368?
8
What is the units digit of 5861?
1
What is the thousands digit of 3279?
3
What is the units digit of 1360?
0
What is the units digit of 2052?
2
What is the hundreds digit of 9589?
5
What is the units digit of 2312?
2
What is the units digit of 34358?
8
What is the units digit of 8107?
7
What is the units digit of 15571?
1
What is the tens digit of 459?
5
What is the thousands digit of 3500?
3
What is the units digit of 2374?
4
What is the thousands digit of 2148?
2
What is the tens digit of 6860?
6
What is the units digit of 15093?
3
What is the tens digit of 9043?
4
What is the thousands digit of 34275?
4
What is the tens digit of 73703?
0
What is the units digit of 822?
2
What is the thousands digit of 12757?
2
What is the thousands digit of 7016?
7
What is the units digit of 1408?
8
What is the ten thousands digit of 65341?
6
What is the thousands digit of 13309?
3
What is the thousands digit of 2250?
2
What is the thousands digit of 23121?
3
What is the units digit of 493?
3
What is the thousands digit of 3303?
3
What is the hundreds digit of 108644?
6
What is the tens digit of 1564?
6
What is the units digit of 9152?
2
What is the tens digit of 397?
9
What is the hundreds digit of 36955?
9
What is the units digit of 20356?
6
What is the tens digit of 3622?
2
What is the thousands digit of 23713?
3
What is the thousands digit of 7831?
7
What is the hundreds digit of 140401?
4
What is the thousands digit of 84941?
4
What is the tens digit of 3955?
5
What is the tens digit of 26245?
4
What is the tens digit of 30?
3
What is the ten thousands digit of 18488?
1
What is the tens digit of 33487?
8
What is the hundreds digit of 16525?
5
What is the tens digit of 670?
7
What is the thousands digit of 4075?
4
What is the units digit of 4604?
4
What is the tens digit of 8025?
2
What is the ten thousands digit of 11007?
1
What is the ten thousands digit of 15335?
1
What is the units digit of 3080?
0
What is the units digit of 25925